 = b + 8. Let o be t(u). Calculate l(o).
0
Let z(m) be the first derivative of m**4/24 - m**3/3 + m**2/2 + 2. Let y(p) be the second derivative of z(p). Let h(r) = r + 2. Let g be h(2). Determine y(g).
2
Suppose 0 = 3*o - 7*o + 8. Suppose 0 = y + o*y + 4*t - 2, 2*t = 3*y - 8. Let p(i) = -3 - 1 + y - i. Give p(0).
-2
Let m(p) = p**2 - 6*p + 6. Let q(r) = r - 3. Let a be q(8). Calculate m(a).
1
Let u be (-1)/(-4) + (-39)/12. Let m = 15 - 11. Let a(z) = 2*z**3 - 4*z + z + 3*z**2 - m - 7*z**2 - 3*z**3. What is a(u)?
-4
Let o(l) = -l**3 - 8*l**2 - 7*l - 7. Let v = -22 + 15. Let a be o(v). Let n(u) = u**3 + 6*u**2 - 6*u + 2. Let x be n(a). Let p(y) = y + 7. Give p(x).
2
Let d(c) = c**2 + 4*c - 3. Let y(k) = k**3 + 3*k**2 - k + 1. Let t be y(-3). Let f(o) = o**3 - 3*o**2 - 5*o. Let u be f(t). Give d(u).
-3
Let n(z) = z - 14. Let j be n(13). Let a(f) = -9*f**3 - f**2. What is a(j)?
8
Let o(i) = -4*i + 7. Let k(n) = -2*n + 4. Let u(v) = -5*k(v) + 2*o(v). Suppose p = -4*p - 3*d + 31, -2*d - 16 = -4*p. What is u(p)?
4
Let t(q) = 286*q**2 - 287*q**2 - 3*q**3 + 0*q + q. What is t(1)?
-3
Let h(z) = -1 - 2 - z + 0 + 0. Determine h(-3).
0
Suppose -3*c - 11 = -o + 6, 3*o - 29 = -2*c. Let g(y) = 3*y - 15. What is g(o)?
18
Let d(p) be the third derivative of -p**5/30 + p**4/12 + p**3/2 - 36*p**2. Calculate d(3).
-9
Let l = 180 - 177. Let x(q) = 4*q - 2. Determine x(l).
10
Let p(k) = k + 7. Let n = 4 - 12. Let v(w) = w**2 + 4*w + 1. Let l be v(n). Suppose -2*u = 3*x - 10 + l, x + 1 = u. Give p(x).
2
Let d(k) be the second derivative of k**5/20 - k**4/6 - k**3/6 + k**2/2 + k. Let c be 5 + -8 + 4 + 1. Calculate d(c).
-1
Let u(s) = s**2 + 8*s + 13. Let v be u(-6). Let l(d) = 3*d**2 - 4*d**2 + 5*d**2 + 1. Give l(v).
5
Let u be ((-82)/28 + 3)*21/18. Let g(o) be the third derivative of 1/3*o**3 + 0 + u*o**4 + o**2 + 0*o + 1/60*o**5. Calculate g(-2).
2
Let s(c) = -12*c + 4. Let a = 1 - -4. Let f(y) = 2 + 1 + y - 9*y. Let m(q) = a*s(q) - 7*f(q). Determine m(-1).
3
Let t = 11 - 8. Let h(w) = -w**3 - 1 + 4*w**2 - w**t + w**3 + 4*w. Determine h(5).
-6
Let b(l) = 4*l + 1. Let i = 93 + -92. Determine b(i).
5
Let x = -1 + 4. Suppose 7*b - 36 = x*b. Let i be ((-2)/(-3))/(3/b). Let h(v) = -5*v + 3. Calculate h(i).
-7
Let c(r) = r - 12*r**2 - 2*r**3 + 13*r**2 + 132 - 130. What is c(2)?
-8
Let w = 3 - 2. Suppose w + 3 = 2*m. Let u(g) be the first derivative of -g**2 + 2*g + 1. Give u(m).
-2
Let q be (-8)/((-8)/3)*-1. Let p(g) = g**3 + 2*g**2 - g - 1. Give p(q).
-7
Let z(b) = 3 + 128*b + 138*b - 267*b. Calculate z(-10).
13
Let r(o) = o**2 + 5*o + 7. Let g be r(-3). Let c(s) = 20*s**2 + 3*s + 2. Let q(x) = -x**2 - x - 1. Let b(f) = -c(f) - 3*q(f). Give b(g).
-16
Let l(y) = -14*y**2 + 34*y**2 - 21*y**2 + 5*y - 1 - 2*y. Determine l(3).
-1
Let u(n) = 7*n**2 - 2*n - 1. Let c be u(-1). Let d(b) = -c*b + 7*b + 7 - 6. Determine d(1).
0
Let c = 2 - 0. Let t(i) = -2*i**2 + 0*i**2 + 6*i + c*i**3 - 7*i + 4 - 3. Determine t(2).
7
Let w = 37 + -73/2. Let d(j) be the third derivative of -1/60*j**5 - w*j**3 - 1/4*j**4 + 0 - 3*j**2 + 0*j. Calculate d(-6).
-3
Let g(k) = k**3 + 29*k**2 - 31*k - 28. Let l be g(-30). Let m(b) = -3*b**3 + b**2 - b. Give m(l).
-22
Let j(f) = 3*f + 4. Let v(p) = p + 1. Let h = 1 + 0. Let m(g) = h*j(g) - 5*v(g). Let r be (-13)/(-4) - 1/4. What is m(r)?
-7
Let k(n) = -n**2 + 2*n - 1. Let x(l) = l - 2. Suppose -2*h + 5*h = 2*a + 22, 0 = -h - 5*a - 4. Let m be x(h). Suppose f = -f + m. Calculate k(f).
-1
Let s(y) = 12*y**3 - y**2 + 3*y. Let k(b) = -24*b**3 + 2*b**2 - 5*b. Let w(j) = -3*k(j) - 5*s(j). Give w(-1).
-13
Let y(p) = p**2 - 4*p + 6. Suppose -2*b - 3*s - 1 = -5, 4*b = s + 36. Suppose -2*c = 0, 5*t + b*c = 3*c + 25. Suppose -6 - 14 = -t*z. What is y(z)?
6
Let q(j) = -7 + 4 - 104*j**2 - j**3 + 3*j + 99*j**2. Let o(b) = -b - 1. Let m be o(5). Calculate q(m).
15
Let d(a) = -5*a**3 + 5*a**2 + 14*a - 20. Let u(r) = -11*r**3 + 9*r**2 + 29*r - 41. Let i(z) = 13*d(z) - 6*u(z). Determine i(-10).
6
Let o(n) = 3*n**2 + 14*n - 13. Let i be 2*(-2 - -1) - 5. Let l(w) = -w**2 - 5*w + 4. Let s(z) = i*l(z) - 2*o(z). What is s(-5)?
-12
Let r(f) = f**3 + 5*f**2 + 2*f + 1. Let g(w) = -w**2 - 3*w - 1. Let i be g(-4). Determine r(i).
-9
Let k(z) = -z**3 - 4*z**2 + 3*z - 4. Suppose 0 = -j - 3*j. Let b = j + 5. Suppose 2*r + 4*o + 18 = 0, -b*r + o - 18 = -r. Determine k(r).
6
Let j(t) be the third derivative of -t**5/30 - t**4/6 - 2*t**3/3 - 2*t**2 + 14*t. Give j(-4).
-20
Suppose 0 = 5*h + 5*x - 3*x + 44, -h - 2*x - 12 = 0. Let y be ((-12)/(-15))/(h/(-60)). Let d(t) = -t**3 + 6*t**2 - t + 2. Calculate d(y).
-4
Suppose 2*k + 1 = 4*k - c, -8 = -4*k - 4*c. Let p(m) = -4*m**2 + 1 - 2*m - 2*m**2 + 0. Calculate p(k).
-7
Let u(v) be the second derivative of -v**5/20 - 5*v**4/12 + v**3 - 4*v**2 + 32*v. Determine u(-6).
-8
Let a(o) = o**3 + 6*o**2 + 4*o. Let i be a(-5). Suppose -1 + 6 = -i*r. Let k(p) = 8*p**3 + 2*p + 1. What is k(r)?
-9
Let d(k) = k**3 - 7*k**2 + 6*k + 1. Let a be (1 - -9)*(-9)/(-18). Suppose 55 - 19 = a*w - 2*v, -2*v - 24 = -3*w. Determine d(w).
1
Let f(y) = 4*y - 3. Let o(w) = -w**2 + w + 24. Let i be o(5). Calculate f(i).
13
Let c(r) be the second derivative of -r**5/20 - 2*r**4/3 - 7*r**3/6 + 5*r**2 - 9*r. Determine c(-7).
10
Let n(g) = 8*g**2 + 5*g - 6. Let f(i) = -23*i**2 - 14*i + 17. Let s(k) = 6*f(k) + 17*n(k). Let j(c) = -c**2 + 8*c - 13. Let d be j(3). Determine s(d).
-6
Let d(f) be the second derivative of 1/3*f**3 + 0 - f - f**2. Determine d(3).
4
Let c(i) = i**3 + 4*i**2 - i - 2. Let a be (-4)/(-14) - 15/(-21). Suppose -j - a = 3. Calculate c(j).
2
Let m(b) = 2*b + 2. Let c(s) = -5*s - 4. Let k(q) = -3*c(q) - 7*m(q). What is k(-3)?
-5
Let q(g) be the third derivative of -1/3*g**4 + 0*g - 17/6*g**3 + 2*g**2 + 0. Let f(t) = 3*t + 6. Let n(a) = 11*f(a) + 4*q(a). Determine n(4).
2
Suppose 3*q = -j + 13 - 0, 4*q - j - 29 = 0. Let l(g) = 4 + 2 + g**2 + 0*g**2 + q*g - 5. Determine l(-6).
1
Suppose 2*m - 5*w + 11 = 0, -4*m + 2*w = m - 25. Let y = -13 + m. Let o(k) = -k**2 - 8*k - 7. Give o(y).
5
Suppose -2*w = -4*b - 3*w + 23, 29 = 4*b + 3*w. Let z(n) = 0*n - n - 5*n - 6 + b*n. Let u(a) = -a**2 + 5*a - 4. Let c be u(4). Determine z(c).
-6
Let l(d) = -d**2 - 3*d + 6. Let h be (-7)/28 - (-38)/(-8). Give l(h).
-4
Let n(x) = 21*x**2 - 2*x - 18*x**2 + 1 + x. What is n(-2)?
15
Let x(o) = o**3 - o**2. Let f(u) = 4*u**3 + 2*u**2 + 5*u + 2. Let c(w) = -f(w) + 3*x(w). Let s be 1/(-2) - (-2)/4. Suppose s*m + m + 3 = 0. Calculate c(m).
-5
Let o(m) = m**3 - 9*m**2 - 10*m - 3. Suppose 0 = -3*j + 3*x + 21 - 0, 0 = -3*j + 2*x + 24. Give o(j).
-3
Let m(l) = 2*l + 12. Suppose -8*h + 26 - 74 = 0. Calculate m(h).
0
Let d = -24 - -20. Let i(m) = -m**2 + 7*m + 8. Let v(r) = -3*r**2 + 14*r + 17. Let f(b) = 5*i(b) - 2*v(b). Calculate f(d).
-6
Let z(g) be the first derivative of -g**4/4 - 4*g**3/3 + 2*g**2 + 6*g - 4. Suppose 2*m + 13 = 3*u, 4*u = 4*m + 3*u + 21. Calculate z(m).
11
Let h(p) = -p**2 - 2. Let o(i) = -i**2 - 1. Suppose -t - 3*t = -4. Let m(c) = t*h(c) - 3*o(c). Determine m(-1).
3
Let w(q) = -q - 3. Let u be ((-1)/(-3))/(1/15). Suppose 0 = 3*b - u - 7. Determine w(b).
-7
Let n(s) be the third derivative of s**4/6 + s**3/2 - s**2. Let m(w) = -w**2 - 2. Let p be m(0). Let d be (-2 - 1)/((-2)/p). Give n(d).
-9
Let f(z) = z**2 - 3*z + 1. Let i(x) = -72*x + 3 + 71*x + 1. Let c be i(3). Calculate f(c).
-1
Suppose -5*z = -2*z + 3*b, -8 = 5*z - 3*b. Let x(y) = 21 - 20 + 3*y - 7*y. Give x(z).
5
Let d(t) = 13*t + 1 + 1 - 12*t + 1. Give d(-6).
-3
Let y be (-2)/(-13) + (24/13 - 2). Let l(g) = -g - 1 - 4 + 2*g. Give l(y).
-5
Let j(b) = -3*b**2 + 5*b**2 + 6*b - 3*b**2. Give j(6).
0
Let o(s) = -s**3 - 5*s**2 - 7*s - 8. Let n be o(-3). Let c(h) be the first derivative of 1/2*h**2 - 4*h - 1. What is c(n)?
-9
Let u(i) = -6*i - 5. Let l be (4/6)/((-6)/36). Let z(r) = -3*r - 2. Let a(x) = l*u(x) + 7*z(x). Let k(h) = -h**2 - 6*h - 4. Let w be k(-6). What is a(w)?
-6
Let w(a) = -3*a**2 + 2*a - 1. Let m be (3/(-6))/((-2)/4). Give w(m).
-2
Let j(w) = -3*w**2 + w - 1. Let y = 4 + -3. Calculate j(y).
-3
Let m = 8 + -3. Let g(o) = 12*o**3 - 3*o**2 - 14*o + 9. Let r(u) = 17*u**3 - 5*u**2 - 21*u + 14. Let v(d) = -7*g(d) + 5*r(d). Give v(m).
-3
Let i(p) be the third derivative of -p**6/120 + p**5/20 + 5*p**4/24 + 4